t h = w - -3. Calculate the greatest common divisor of g and h.
7
Let j = 287 - 169. Suppose 4*g = 5*h - 3*h + 294, 5*g + 4*h = 400. Let u = j - g. What is the greatest common divisor of 14 and u?
14
Suppose -4*c - 2169 - 207 = -2*w, 3*c = 4*w - 4742. What is the highest common factor of w and 74?
74
Let f be (155/2 + (-42)/(-28))*-1. Let b be (6/8)/((-3)/(-492)). Let v = f + b. What is the highest common divisor of 11 and v?
11
Let u be ((-720)/(-96))/((-3)/(-28)). What is the highest common divisor of 56 and u?
14
Let s(l) = -l**3 + 13*l**2 + 15*l - 14. Let p be s(14). Let f be (4/8 - p)*28. What is the greatest common divisor of 2 and f?
2
Suppose -10*m = -12*m + 640. Suppose -5*o + 2*n - m = -0*n, -5*n = 5*o + 285. Let x be (o/4)/(1/(-4)). What is the greatest common divisor of 31 and x?
31
Suppose 4*q = 16, -v - 3*q - 352 = -5*v. Calculate the greatest common divisor of v and 65.
13
Suppose 191 = 4*j - 1. Suppose 4 = -y + 26. Let q = y - 10. Calculate the greatest common factor of q and j.
12
Let d(b) = -b**3 + 25*b**2 - 24*b + 75. Let n be d(23). Calculate the highest common divisor of n and 249.
83
Let c be (10/(-25) + 2)/(1/15). Let s = -5 - -7. Let z be (-22)/(-4) - s/(-4). Calculate the greatest common divisor of c and z.
6
Let y(r) = r**3 + 2*r**2 - 4*r - 3. Let d be y(-2). Suppose -2*a = -6*a. Suppose d*o - 64 + 14 = a. Calculate the greatest common divisor of 110 and o.
10
Suppose 0 = d - 44 + 9. Let q be (385/(-3))/((-1)/3). Calculate the highest common factor of d and q.
35
Let t be ((11 + -2)/(-3))/((-1)/5). Let v(g) = -4*g - 2*g + 3 - 2*g + 0*g + 2*g**2. Let y be v(7). Calculate the highest common divisor of y and t.
15
Let x(g) = g**3 + 9*g**2 - 12*g - 19. Let c be x(-10). Let s be 0 - (-1 - c) - -13. Calculate the greatest common divisor of 105 and s.
15
Suppose -2*y + 6 = 0, -3*o = 2*o - 4*y + 42. Let z be o*(-2)/18*45. Let w be 6/3 + 8/2. What is the highest common factor of w and z?
6
Let b(n) = n - 12. Let g be (-17)/(-2) + 4/8. Let f be b(g). Let r be -3 + 0 + (-711)/f. What is the highest common factor of 26 and r?
26
Let p = 776 + -627. What is the greatest common factor of p and 1?
1
Suppose -6*w + 2*w = -20. Let y(u) = -u**3 + 4*u**2 - 2*u - 2*u**2 - 10 + 7 + 4*u**2. Let s be y(w). Calculate the greatest common factor of s and 2.
2
Let g be ((-1456)/20)/((-6)/15). Calculate the highest common divisor of g and 26.
26
Suppose -11 - 10 = -g. Let b(n) = -11 - 17*n + 0 + g*n. Let r be b(5). What is the highest common divisor of r and 36?
9
Suppose -4*v - 131 = -435. Let p be 45/(-2)*v/(-57). Calculate the highest common factor of 20 and p.
10
Suppose -3*l = -x - l + 31, l = 2*x - 53. Suppose 4*c = -n + 1095, -3*n - 1390 = -7*c + 2*c. Calculate the highest common divisor of x and c.
25
Let r be 19 - ((-1 - 0) + 0/(-1)). Calculate the greatest common factor of 620 and r.
20
Suppose 5*m = -2*s + 21, s - 11 = -2*m - m. Let i = -18 + 33. Let x = i - s. What is the highest common factor of 14 and x?
7
Let d = 123 + -182. Let i = 92 + d. Calculate the highest common divisor of 22 and i.
11
Let a = 594 + -583. Calculate the greatest common factor of a and 913.
11
Let q = -1 + 39. Let o(d) be the second derivative of -11*d**3/6 + d**2 + 2*d. Let f be o(-5). What is the highest common factor of q and f?
19
Suppose 0 = 5*w - 252 + 32. Let x = -28 + w. Let o(s) = -12*s + 1340. Let a be o(105). Calculate the greatest common factor of x and a.
16
Let d(i) = -270*i - 342. Let t be d(-3). What is the greatest common factor of t and 72?
36
Suppose 0 = -4*t - 2*t + 12. Let k(n) = t - 2 - 3 + 2 + 4*n. Let y be k(1). What is the greatest common factor of 24 and y?
3
Suppose 0*r + 10 = r. Suppose 0 = 2*o - 6*o + 120. What is the highest common factor of r and o?
10
Let s = 34 + -59. Let y(l) = -44*l**3 + 2*l**2 - l. Let c be y(1). Let b = s - c. Calculate the greatest common factor of 36 and b.
18
Let y be (-2)/(-6)*-1 + (-74)/3. Let j = 41 + y. Calculate the highest common divisor of 32 and j.
16
Let x be 2/(-1 - (-6)/10). Let w(f) = 20*f + 3. Let p be w(3). Let s be (-3 - x) + p - 0. Calculate the highest common factor of 26 and s.
13
Suppose -7*x = -9*x + 108. What is the highest common divisor of 48 and x?
6
Suppose -2*c + 33 = 2*f + f, -c - f + 14 = 0. Let x = 25 - c. Calculate the highest common divisor of x and 112.
16
Let n be 24/((-10)/(-4) + -1). Suppose -24 = 14*m - n*m. Calculate the highest common divisor of m and 3.
3
Let q be (-20)/(-4) + 0 + -2. Let r be (q*-1*1)/((-48)/224). Let y(b) = -b**3 - b**2 + 3. Let n be y(-3). Calculate the highest common divisor of n and r.
7
Let n(z) = 2*z + 2. Let f be n(-3). Let i be f/(-14) - (-834)/21. Let d = 226 - 206. Calculate the greatest common factor of d and i.
20
Let d = 739 + -725. Calculate the greatest common factor of 896 and d.
14
Suppose 0 = 8*m - 236 + 20. Let p(d) be the third derivative of -19*d**4/24 - d**3/2 - 3*d**2. Let w be p(-3). What is the highest common factor of m and w?
27
Let j(u) = -2*u**3 - 25*u**2 - 7*u + 21. Let z be j(-16). What is the greatest common divisor of z and 77?
77
Suppose 4*z + 2*j + 22 = 270, -2*z + 124 = -2*j. Calculate the greatest common factor of z and 217.
31
Let x(i) = 73*i**2 + 5*i - 3. Let w be x(1). Suppose 4*j + 9 = q - 26, j = 3*q - 50. What is the highest common divisor of q and w?
15
Let i(l) = l**2 + 6*l + 10. Let v be i(-7). Let b = v - 4. Let j = -56 + 147. Calculate the greatest common factor of b and j.
13
Suppose -17 = -3*p - i, 7 + 1 = -3*p + 4*i. Let w = 5 + 1. What is the highest common divisor of w and p?
2
Suppose 0 = -3*a + 8*a - 390. Calculate the highest common factor of 273 and a.
39
Suppose -3*r - 5*f = 65, 5*r - r + 4*f = -100. Let i = 75 + r. Suppose 2*g + g = 54. What is the greatest common factor of i and g?
9
Let c be ((-12)/8 - 1)*16/(-5). Suppose -c*q + 4*q - a = -605, -5*a - 125 = -q. Calculate the highest common divisor of 30 and q.
30
Let m(i) = 3*i**3 - i**2 - 4*i + 44. Let k be m(0). Calculate the greatest common divisor of k and 40.
4
Let b = -223 - 65. Let i = -145 - b. Calculate the highest common factor of i and 13.
13
Suppose -4 = -4*q - a + 6, -2*a - 4 = -4*q. Suppose 102 = -2*b + 5*b - q*g, g + 68 = 2*b. What is the greatest common factor of b and 238?
34
Let d(p) = -9*p + 45. Let r be d(2). Suppose 5*b + 2 = 12. Suppose u - s - 189 = 0, -4*u - b*s = 370 - 1126. What is the highest common divisor of u and r?
27
Suppose 34 = -4*n + 150. Let u be 2 - 5/25*0. Suppose 0 = 3*y - 3, 4*d - u*y = 2*y + 924. What is the greatest common factor of n and d?
29
Let c be (0 + (-3 - -5))/(-2). Let r be 23 + c - (-6 + 8). Suppose 5*t - 4*y = -7*y + 706, 0 = -3*t - 2*y + 424. What is the greatest common factor of r and t?
20
Let u = -477 - -503. Calculate the greatest common divisor of u and 117.
13
Suppose 7*b - 2*b = 0, 4*n = 5*b + 96. Let v(j) = j**2 + 71*j - 282. Let x be v(-75). What is the greatest common factor of x and n?
6
Suppose 2*r - 27 - 93 = 0. Suppose -3*h + 156 = -r. Let k(t) = t. Let j be k(8). Calculate the greatest common divisor of h and j.
8
Let f(t) = 17*t + 2. Let w be f(-1). Let a = w + 19. Suppose y - 2*y + 2*v = -19, 5*y = -a*v + 53. What is the highest common divisor of y and 26?
13
Suppose 87 = 3*p + 4*h - 130, -3*p = -3*h - 189. Calculate the greatest common factor of 938 and p.
67
Suppose -31 - 14 = -k. Let r = k + -30. What is the highest common divisor of 15 and r?
15
Let z(g) = g**2 - 8*g. Let o be z(8). Suppose -2*p + 3*p - 21 = 2*k, o = 3*k. What is the highest common factor of 168 and p?
21
Let b = -245 + 735. Suppose 175 = -5*g + b. Let n be (-18)/1*(-3)/6. Calculate the greatest common divisor of n and g.
9
Let t be -3*(6 + (-186)/18). What is the greatest common factor of 52 and t?
13
Let l be (216/(-90))/(504/(-165) - -3). What is the greatest common factor of l and 374?
22
Let r = 298 + 688. What is the greatest common factor of r and 232?
58
Suppose -14 = -5*t + 1. Let r be (4/5)/(t/15). Suppose 5*w - 389 = -4*s, 2*s + 0*s - r*w = 188. Calculate the greatest common divisor of s and 32.
32
Let f = 364 + -44. Let c be (-21 + 33)*10/3. Calculate the highest common factor of c and f.
40
Let r = -1003 + 1734. Calculate the greatest common factor of r and 17.
17
Let f be (-1 -